e
Is 25 a factor of 219974900?
True
Does 66 divide 7348968?
True
Is 2502 a factor of 549813715?
False
Is 589 a factor of 28323986?
False
Is 496 a factor of 1218440487?
False
Is 879 a factor of 32160852?
True
Is 21 a factor of 155911308?
True
Is 1134433487 a multiple of 157?
True
Is 133540400 a multiple of 74?
True
Does 31 divide 215818106?
False
Does 542 divide 1285624?
True
Does 6830 divide 166044130?
True
Does 28 divide 68865160?
True
Is 37 a factor of 14293988?
True
Is 199 a factor of 1381169848?
True
Is 997009664 a multiple of 271?
False
Is 630 a factor of 714334849?
False
Is 11 a factor of 1190473697?
False
Is 19236383 a multiple of 103?
True
Does 74 divide 331275652?
True
Is 768142300 a multiple of 50?
True
Does 31 divide 1972511317?
False
Does 278 divide 167685430?
True
Is 49869813 a multiple of 57?
True
Does 2265 divide 66679335?
True
Does 765 divide 249645339?
False
Is 46 a factor of 1497469786?
True
Is 79 a factor of 643039818?
False
Is 1060 a factor of 37302460?
True
Is 486166425 a multiple of 4947?
True
Is 365 a factor of 3347533625?
True
Does 7 divide 11684393?
True
Is 31 a factor of 7772444?
True
Is 355312492 a multiple of 4?
True
Is 36170551 a multiple of 467?
True
Is 133277650 a multiple of 3413?
True
Is 94246525 a multiple of 1470?
False
Is 3 a factor of 14860275?
True
Is 43 a factor of 1883142?
True
Is 62 a factor of 28304860?
True
Does 6381 divide 2586634065?
True
Is 1897 a factor of 171491447?
False
Is 9 a factor of 11673847?
False
Does 63 divide 29858283?
True
Does 199 divide 46984216?
False
Does 1630 divide 41473721?
False
Is 99433680 a multiple of 204?
True
Does 3443 divide 352879956?
True
Is 77814828 a multiple of 1092?
True
Is 31098038 a multiple of 10?
False
Is 16 a factor of 13731429?
False
Is 599 a factor of 120882393?
True
Is 62970760 a multiple of 63?
False
Is 573838275 a multiple of 123?
False
Is 27546372 a multiple of 126?
True
Does 2722 divide 932003443?
False
Is 2377 a factor of 308265999?
True
Is 6 a factor of 1191923470?
False
Is 82 a factor of 65548668?
True
Is 2475067991 a multiple of 11?
True
Is 62025985 a multiple of 1267?
True
Does 40 divide 27542774?
False
Is 84363887 a multiple of 283?
False
Does 29 divide 1589896?
True
Is 433 a factor of 62178367?
True
Is 88 a factor of 26674038?
False
Does 434 divide 127256612?
True
Is 439 a factor of 121915902?
False
Is 69104307 a multiple of 718?
False
Is 2173 a factor of 61163431?
True
Does 30 divide 48073050?
True
Is 50 a factor of 73018268?
False
Is 9904544 a multiple of 14?
False
Is 7 a factor of 38010406?
True
Is 163594728 a multiple of 1593?
True
Is 557 a factor of 720307822?
False
Does 259 divide 128749436?
False
Is 2083 a factor of 176008149?
False
Is 407494062 a multiple of 3681?
True
Does 147 divide 13832164?
False
Is 15 a factor of 2252043?
False
Is 56 a factor of 1639792?
True
Is 9 a factor of 8203440?
False
Is 57 a factor of 790997338?
False
Is 1766597414 a multiple of 150?
False
Is 445 a factor of 49965935?
True
Is 363610404 a multiple of 167?
False
Is 80253862 a multiple of 166?
True
Is 302601552 a multiple of 264?
True
Is 25 a factor of 470592962?
False
Is 1653490705 a multiple of 2785?
True
Is 102 a factor of 1751513808?
True
Is 57 a factor of 707621?
False
Does 112 divide 45861495?
False
Does 785 divide 63470390?
True
Does 3214 divide 137710771?
False
Does 517 divide 77210848?
True
Is 814507650 a multiple of 890?
False
Is 389398464 a multiple of 228?
True
Does 69 divide 1534731001?
False
Is 14 a factor of 8884838?
False
Does 5 divide 8919608?
False
Is 72 a factor of 388808743?
False
Does 1247 divide 628496729?
True
Is 255 a factor of 8511823?
False
Is 1235 a factor of 85155641?
False
Is 150713425 a multiple of 365?
False
Is 147 a factor of 22827261?
False
Is 243561726 a multiple of 14?
False
Is 175 a factor of 2120663232?
False
Is 137 a factor of 5949392?
False
Is 366114340 a multiple of 220?
False
Does 64 divide 24927857?
False
Is 391 a factor of 9984967?
True
Does 137 divide 305995528?
True
Does 29 divide 6991436?
True
Is 14 a factor of 6904477508?
False
Is 4335 a factor of 184319865?
True
Is 2372 a factor of 777745592?
True
Is 208 a factor of 2781669?
False
Does 10605 divide 3028204725?
True
Does 94 divide 261286818?
True
Is 1289486210 a multiple of 1445?
True
Is 967599620 a multiple of 157?
False
Is 37 a factor of 113594931?
False
Is 2944520124 a multiple of 28?
True
Is 141250207 a multiple of 287?
True
Does 54 divide 148261050?
True
Does 253 divide 232897918?
False
Does 53 divide 156622263?
False
Is 792148070 a multiple of 5215?
True
Does 11 divide 586078372?
True
Does 10 divide 342727021?
False
Is 690897923 a multiple of 10?
False
Is 940 a factor of 58900202?
False
Does 12 divide 655893629?
False
Is 713 a factor of 6466197?
True
Is 41312922 a multiple of 322?
True
Is 4505 a factor of 556065665?
True
Does 732 divide 516232106?
False
Is 6 a factor of 7322460?
True
Does 193 divide 1312777402?
False
Is 177810568 a multiple of 261?
False
Does 345 divide 337585906?
False
Does 3 divide 18840101?
False
Is 189847679 a multiple of 4?
False
Is 797 a factor of 224293334?
True
Is 166709879 a multiple of 25?
False
Does 408 divide 13883352?
False
Is 7 a factor of 129369660?
True
Is 25473259 a multiple of 126?
False
Is 429 a factor of 2225703131?
False
Does 2 divide 589028356?
True
Is 418 a factor of 2179837814?
True
Does 1111 divide 41887778?
False
Is 1652 a factor of 284872532?
True
Does 780 divide 145488915?
False
Is 1256980208 a multiple of 101?
False
Is 181488492 a multiple of 272?
False
Does 21 divide 31510038?
True
Does 9 divide 1602928044?
True
Does 17 divide 19101343?
False
Does 99 divide 12293325?
True
Is 212558090 a multiple of 16?
False
Is 238 a factor of 186001998?
True
Is 168 a factor of 41496065?
False
Does 75 divide 21803162?
False
Does 116 divide 2466971?
False
Is 15 a factor of 58638450?
True
Does 1443 divide 24783525?
True
Is 1080 a factor of 2290721337?
False
Is 67 a factor of 90841280?
True
Is 604720 a multiple of 33?
False
Does 9 divide 45701262?
True
Is 41 a factor of 4489427006?
False
Is 157801266 a multiple of 3843?
True
Does 5589 divide 1044698329?
False
Is 2729398 a multiple of 14?
True
Does 306 divide 49117590?
True
Does 94 divide 1055918369?
False
Is 2230203392 a multiple of 512?
True
Does 334 divide 152821776?
False
Is 11 a factor of 67571405?
True
Does 48 divide 1656224312?
False
Is 268 a factor of 1445955?
False
Is 3578 a factor of 384445366?
True
Is 699300712 a multiple of 187?
True
Is 651780619 a multiple of 121?
False
Is 15 a factor of 195123929?
False
Is 19 a factor of 333951771?
True
Is 38 a factor of 60664406?
False
Is 1325730 a multiple of 177?
True
Is 38 a factor of 3964464?
True
Is 3245 a factor of 258832677?
False
Is 16014594 a multiple of 440?
False
Is 349 a factor of 44477902?
False
Is 60984442 a multiple of 446?
False
Does 2 divide 5777550?
True
Does 822 divide 5761092?
False
Is 1055350759 a multiple of 7?
False
Does 1389 divide 99439797?
False
Is 16581069 a multiple of 51?
True
Is 67 a factor of 1128597?
False
Is 17 a factor of 135902097?
True
Is 551 a factor of 4163907?
True
Is 2973605600 a multiple of 20?
True
Does 29 divide 3718845080?
False
Is 994 a factor of 219868771?
False
Does 5691 divide 104202210?
True
Does 93 divide 235097205?
False
Does 41 divide 21424591?
True
Is 3 a factor of 22008316?
False
Is 9245590 a multiple of 14?
False
Does 113 divide 195285809?
True
Is 1095493 a multiple of 6?
False
Is 1018003 a multiple of 3?
False
Is 779 a factor of 43454464?
False
Is 18 a factor of 975242169?
False
Does 49 divide 303478405?
False
Is 739 a factor of 313458674?
True
Is 1722183305 a multiple of 167?
False
Is 1051 a factor of 26340591?
False
Does 26 divide 10371868?
True
Is 83035358 a multiple of 266?
True
Is 30425782 a multiple of 1465?
False
Is 686 a factor of 45914666?
True
Is 104 a factor of 1217443994?
False
Is 4834 a factor of 2407322332?
True
Is 36 a factor of 371811807?
False
Does 1278 divide 47320506?
True
Is 296747682 a multiple of 1122?
True
Is 34 a factor of 605453470?
True
Is 200764470 a multiple of 23?
True
Does 45 divide 1126520955?
True
Is 1275 a factor of 2292756000?
True
Is 7940166 a multiple of 18?
False
Does 36 divide 3962916?
True
Is 625 a factor of 115843159?
False
Does 6252 divid